x is divided by 7?
6
What is the remainder when 2449 is divided by (-5*4/(-10)*-2)/((-28)/70)?
9
Let l(o) = -o**2 - 47*o - 298. Calculate the remainder when 4129 is divided by l(-38).
37
Let h be 15/(-6)*(10 - 12). Suppose 5*q = f - 6, -h*f + 7*f - 68 = -4*q. Calculate the remainder when 227 is divided by f.
19
Suppose -44*g - 42*g - 3708 = -95*g. Calculate the remainder when g is divided by 3.
1
Let y be 2/8 + (-13048)/(-32). Suppose -8*h - y = -32*h. Let v(s) = 18*s**2 - 4*s + 2. What is the remainder when v(2) is divided by h?
15
Let a = 3272 - 2227. Calculate the remainder when a is divided by 3.
1
Let c(h) = -9*h + 1. Suppose -673*b + 319*b + 1643 = -323*b. Calculate the remainder when b is divided by c(-2).
15
Let p = 10 - -62. What is the remainder when p is divided by (833 - 835)*(1 - 26)?
22
Suppose 11*w - 28454 = -29*w - 4934. What is the remainder when w is divided by 167?
87
Let k = -19 - -65. Let n = -40 + k. Let x = 11 + n. What is the remainder when x is divided by 6?
5
Suppose -2*o + 456 = 5*k, -7 + 13 = 2*o. What is the remainder when 693 is divided by k?
63
Suppose -6*c - 290 = -4*c. Let r = c + 161. Calculate the remainder when r is divided by 15.
1
Suppose -64*x - 444 = -1340. What is the remainder when 367 is divided by x?
3
Let d = 257 - 157. Let a = 5729 + -5694. Calculate the remainder when d is divided by a.
30
Let n(w) = w**3 + 4*w**2 + 15. Let b be n(-3). Let l = b + -12. Calculate the remainder when l is divided by 9.
3
Let f be (2 - 2)*(-8 + 34/4). Suppose -t - 2*t + 4*j + 41 = f, 2*t + 2*j = 46. Suppose -12 = 2*l - 4*l. Calculate the remainder when t is divided by l.
1
Let n = 113 + -171. Let r = n + 123. Calculate the remainder when r is divided by 30.
5
Let v be (3 - 9/2)*4/(-3). Suppose -5*k = a - 2, -k - v*k + 4*a + 15 = 0. Let d(n) = 8*n - 3. What is the remainder when 16 is divided by d(k)?
1
What is the remainder when -327*8/(-42) - (-28)/(-98) is divided by 37?
25
Suppose 97 = 3*z + 25. Suppose -10*f + 269 - 139 = 0. What is the remainder when z is divided by f?
11
Let o = -8 + 114. Calculate the remainder when o is divided by ((-420)/(-18) - 5)*3.
51
Suppose 4*g - 4 = 5*f + 6, -5*g - 4*f - 8 = 0. Suppose k - 4*p - 39 = -g*k, -3*p = 15. Calculate the remainder when 30 is divided by k.
11
Let u(f) = f**3 - 3*f**2 + 2*f - 22. Let z be u(4). Suppose -5*j + 62 = z*p, 0 = -3*p - 3*j - j + 100. What is the remainder when p is divided by 10?
6
What is the remainder when (1773/27 + -11)*(66/(-12) + 7) is divided by ((-3)/(-1))/(6/56)?
26
Let p = 30 - 61. Let u = p - -33. Suppose -254 = -5*t + u*w - w, -5*t + 2*w = -253. Calculate the remainder when t is divided by 11.
7
Let b(y) = 357*y**2 - 2*y - 4. Let h be b(-3). Let o be 1 + h/4 + 2/8. What is the remainder when (4/(-10) - -2)/(23/o) is divided by 30?
26
Suppose p = 5*v - 52 - 19, 3*v + 3*p - 57 = 0. Calculate the remainder when 144 is divided by v.
9
Suppose -4*f - z = 95, 0 = 2*f + z + 47. Let w(g) = g**3 + 25*g**2 + 23*g - 20. Calculate the remainder when 9 is divided by w(f).
1
Suppose -13*c + 1514 + 41550 = 43*c. What is the remainder when c is divided by 22?
21
Suppose 4015 = 59*s - 174. Calculate the remainder when 774 is divided by s.
64
Let y(d) = 5*d**2 - 59*d + 276. What is the remainder when y(4) is divided by 46?
28
Suppose 87*f = 11*f - 13*f + 2403. What is the remainder when 141 is divided by f?
6
Let p(n) = -24*n - 2. Let k(u) be the first derivative of u**3/3 - 13*u**2/2 - 2*u - 5. Let i be k(13). What is the remainder when p(i) is divided by 16?
14
Suppose -15*d + 10*d = -5*y - 69990, -y + 6 = 0. What is the remainder when d is divided by 29?
26
Let y(n) = 308*n**2 - 9*n + 9. Calculate the remainder when y(1) is divided by 26.
22
What is the remainder when 18671 is divided by -3 - (8/(-6) - 120/(-144))*30?
11
Suppose 0 = -d + 2*d + 2. Suppose l - 57 = -c, -2*l + 0*l - 258 = -4*c. What is the remainder when c is divided by 9 - (d/(-1))/1?
6
Let q = -612 + 645. Calculate the remainder when 1847 is divided by q.
32
Let j(o) = -3*o**3 + 42*o**2 + 37*o - 183. Calculate the remainder when j(13) is divided by 402.
1
Suppose 4*o = 4*i - 1092, 4*o + i + 3*i = -1068. Let h = o - -293. Calculate the remainder when 128 is divided by h.
13
What is the remainder when (8/((-112)/(-777)))/(3/2) is divided by 35?
2
Suppose 0*h + 5*t - 84 = h, -h = -2*t + 93. Let c = h + 45. Let g = 95 + c. What is the remainder when g is divided by 22?
19
Let u = -45 + 5. Let i be u/(-5) - -3*1/(-3). What is the remainder when (-49)/(-7)*72/i is divided by 25?
22
Let j = 219 - 209. What is the remainder when 106 is divided by (210/175)/(1/j)?
10
Suppose 4*x - 4*j = 604, 448 = 3*x - 0*x - 4*j. Suppose 4*h = v + 157, -4*h - 2322 = 2*v - 2524. What is the remainder when x is divided by h?
27
Let q(c) = c**3 - 6*c**2 - 3*c - 10. Let x be q(5). Let r be 1/(5/x) - 4. Calculate the remainder when ((-100)/r)/(2/14) is divided by 26.
24
Calculate the remainder when 284 is divided by -180*-6*(-17)/(-408).
14
Suppose 103 = 2*d - 7. Let i = 55 - d. Suppose i*l = -5*l + 20, -2*l = m - 57. Calculate the remainder when m is divided by 13.
10
Let p = -9984 - -16552. Suppose p = -49*f + 45*f. Calculate the remainder when f/(-12) - 12/(-72) is divided by 36.
29
Suppose -607 = -2*x - 33*w + 28*w, -3*w = 2*x - 597. Calculate the remainder when x is divided by 38.
25
Let s = 8579 - 8499. Calculate the remainder when 778 is divided by s.
58
Suppose 82 = -c + 90. Let u(p) = 18*p + 47. Calculate the remainder when u(c) is divided by 19.
1
Let d be (45/(-27))/(2/6). Let b be (d/(-4))/(13/104). Suppose -13*n = -b*n - 105. Calculate the remainder when n is divided by 18.
17
Let j(y) = y**2 + 198*y + 2860. What is the remainder when 2077 is divided by j(-15)?
7
Suppose -37*m + 35*m + 5*b + 1165 = 0, 3*m - 1761 = 3*b. Calculate the remainder when m is divided by 25.
15
Suppose -2*a - m + 56 = 2*m, -2*m + 84 = 3*a. What is the remainder when a is divided by 1*(-2 + 4)*(-10)/(-2)?
8
Let i(h) = -h**3 + 13*h**2 + 2*h - 8. Suppose 0 = -8*d + 6*d. Suppose d = -5*j - j + 78. What is the remainder when 33 is divided by i(j)?
15
Let i(j) = -3*j + 6. Let k be i(4). Let g be 0/((2/4)/(3/k)). Suppose g = 2*n + 2*a - 46 - 22, a + 118 = 3*n. What is the remainder when 113 is divided by n?
37
Let g(h) = -h**2 + 4*h + 12. Let l be (-1 + -2)*5/(-3). Suppose 2*s + l = 3*s. What is the remainder when g(s) is divided by 4?
3
Let u(f) = 18*f + 91. Let l(c) = 6*c + 31. Let m(x) = -11*l(x) + 4*u(x). Let p(j) = j**2 - 14*j + 28. What is the remainder when m(10) is divided by p(14)?
27
Suppose 0 = 33*z - 185 - 376. What is the remainder when 837 is divided by z + -11 + (-2 - -3)?
4
Let p = -48626 - -48668. What is the remainder when p is divided by 37/3 + 1/(-3)?
6
Let n = -38 - -78. What is the remainder when 10*((11 - -7) + 24/(-3)) is divided by n?
20
Let z = -11017 + 11188. Let f(o) = 6*o**3 - 2*o**2 + 4*o - 2. What is the remainder when z is divided by f(2)?
33
Let f(h) = -6*h + 3. Suppose -45 = 3*q - 60. Suppose -y + u = 2, -2*y - u = -1 + q. What is the remainder when 102 is divided by f(y)?
12
Suppose -2*q - 18 = -38. Calculate the remainder when 24 is divided by 2817/315 - q/(-175).
6
Let u = -5281 - -5525. Calculate the remainder when 5607 is divided by u.
239
Let l(w) = 2*w - 20. Let g(i) = -i. Let a(p) = 3*g(p) + l(p). What is the remainder when 74 is divided by a(-31)?
8
Let a = 3386 + -3274. Calculate the remainder when a is divided by 52.
8
Suppose 0 = j + 21*j - 462. Let l(k) = -k**2 + 23*k - 28. Calculate the remainder when (-2)/3*(-77 - -2) is divided by l(j).
8
Suppose -13*q - 800 = -5*q. Let s = -86 - q. What is the remainder when 40 is divided by s?
12
Let o be (-4)/(-1) + -6 + -11. Let a be 407/3 - o/39. Suppose a = 7*h + 31. What is the remainder when 27 is divided by h?
12
What is the remainder when (348/(-20))/((-13)/(15990/18)) is divided by 148?
5
What is the remainder when 180/(-70)*(-16870)/20 is divided by 75?
69
Let f(w) = -13*w - 20. Let h be f(7). Let j = 111 + h. Suppose 5*o - 20 = j, -3*p - 2*o - o + 36 = 0. What is the remainder when p is divided by 7?
1
Let m(j) = -2 + 2 + 2*j + 3. Let g(i) = -i**3 - 77*i**2 - 543*i + 105. Calculate the remainder when g(-8) is divided by m(3).
6
Suppose 